 what is 32244 - 10?
32234
In base 15, what is -16b + c?
-15e
In base 13, what is -4 - 96?
-9a
In base 11, what is -171 + -3?
-174
In base 9, what is 0 - -61?
61
In base 12, what is -165 - -5?
-160
In base 16, what is -1 + 43e?
43d
In base 7, what is -30 - -11?
-16
In base 14, what is c2 + 2?
c4
In base 6, what is -1302 - 0?
-1302
In base 12, what is -16 + -2?
-18
In base 12, what is -261 - -6?
-257
In base 12, what is -3 + -352?
-355
In base 11, what is 2 + 197a?
1981
In base 15, what is -3 + -ea4?
-ea7
In base 8, what is 315 + -2?
313
In base 4, what is -2 - 13000?
-13002
In base 11, what is -6 + -11?
-17
In base 2, what is 1001 - -100010100010?
100010101011
In base 4, what is 3033 + -10?
3023
In base 6, what is 45 - -1?
50
In base 7, what is -14 - 0?
-14
In base 6, what is 0 + 1210?
1210
In base 13, what is -11 + 79?
68
In base 10, what is -7 + -67?
-74
In base 6, what is 110 - 204?
-54
In base 16, what is -6d + -4?
-71
In base 11, what is 652 + 1?
653
In base 6, what is -3 - 1541?
-1544
In base 6, what is 3 + -243?
-240
In base 9, what is -43 - -64?
21
In base 14, what is -2 - -1?
-1
In base 13, what is -5 + 2645?
2640
In base 10, what is -8180 + 1?
-8179
In base 3, what is -102220 + -2?
-102222
In base 11, what is 652 + 8?
65a
In base 15, what is -14 - -9?
-a
In base 13, what is -3 - -242?
23c
In base 13, what is 79a - -8?
7a5
In base 16, what is -28b + -3?
-28e
In base 6, what is -1 - -2104?
2103
In base 5, what is 1342 - 0?
1342
In base 14, what is 4 + 148?
14c
In base 12, what is -103 - -17?
-a8
In base 5, what is 10 - -311124?
311134
In base 11, what is 149 + 4?
152
In base 7, what is 5 + 1156?
1164
In base 10, what is 150 + -79?
71
In base 3, what is -222122 - -10?
-222112
In base 3, what is -11 + -212?
-1000
In base 5, what is -1 - 23?
-24
In base 11, what is -47 - 26?
-72
In base 7, what is -115 + 5?
-110
In base 14, what is 4ac8 - 5?
4ac3
In base 16, what is -34bb + 1?
-34ba
In base 14, what is 4 + 22b?
231
In base 15, what is -3 - -269?
266
In base 3, what is -10120 + -11?
-10201
In base 7, what is -5 - -4250?
4242
In base 12, what is -72 + 1?
-71
In base 7, what is 126 + 34?
163
In base 13, what is 14b - -4?
152
In base 14, what is 5 - -c?
13
In base 15, what is 634 - 3?
631
In base 14, what is a7 + d?
b6
In base 16, what is d5a + -6?
d54
In base 8, what is -410 + -5?
-415
In base 4, what is -1101 - 10?
-1111
In base 11, what is 0 - 414?
-414
In base 3, what is -1110 + -2200?
-11010
In base 10, what is -1 - -10?
9
In base 6, what is -334 + -2?
-340
In base 15, what is 0 - -2c3?
2c3
In base 12, what is -24 + 4?
-20
In base 3, what is -1112 + -220?
-2102
In base 3, what is -1 - 2020?
-2021
In base 8, what is 646 - 46?
600
In base 9, what is -2 - 357?
-360
In base 2, what is 1001000111 + 1011?
1001010010
In base 6, what is 43 + 15?
102
In base 9, what is -10 + -304?
-314
In base 6, what is 1 - 155?
-154
In base 15, what is -29 + -8d?
-b7
In base 7, what is 10 + 1364?
1404
In base 6, what is -10 + -103?
-113
In base 15, what is 0 + 100?
100
In base 7, what is -1434 - -15?
-1416
In base 10, what is -11 - -372?
361
In base 14, what is 5 + 2d9?
300
In base 16, what is a + -4?
6
In base 6, what is 2133 - -4?
2141
In base 13, what is -11 - 1a8?
-1b9
In base 5, what is -2320 + 1?
-2314
In base 12, what is -5997 - 2?
-5999
In base 8, what is -37 + 35?
-2
In base 9, what is 5 - 7?
-2
In base 7, what is -20 + -1542?
-1562
In base 7, what is 2162 + 16?
2211
In base 2, what is -1 - -11110?
11101
In base 9, what is 0 + 4273?
4273
In base 11, what is -66 - 42?
-a8
In base 11, what is 4 - -99?
a2
In base 5, what is -1223 - -10?
-1213
In base 2, what is 101 + 1110001011?
1110010000
In base 9, what is -2 + -73?
-75
In base 16, what is -2 - -48f?
48d
In base 7, what is 61 + -506?
-415
In base 12, what is -573 + 2?
-571
In base 6, what is 1124 - 2?
1122
In base 4, what is 10101 + 12?
10113
In base 11, what is -1 - 19?
-1a
In base 7, what is 6 + 641?
650
In base 6, what is 122402 + 4?
122410
In base 16, what is -7 - -6a?
63
In base 4, what is 0 + 21212?
21212
In base 11, what is -4 + 26?
22
In base 14, what is 19 - 71?
-56
In base 14, what is 4 + -5c?
-58
In base 9, what is 4 + -760?
-755
In base 14, what is 33 + -b5?
-82
In base 14, what is -a2 + 5?
-9b
In base 6, what is -2513 + -12?
-2525
In base 7, what is -4 + 2?
-2
In base 8, what is 0 - 37?
-37
In base 11, what is 10 + 9?
19
In base 10, what is 120 - 3?
117
In base 11, what is -4 - -8?
4
In base 4, what is -3 - -2213?
2210
In base 12, what is -3 - 98?
-9b
In base 13, what is 5 + 30?
35
In base 6, what is -10 - 42?
-52
In base 7, what is -5 - 1145?
-1153
In base 5, what is -1043 - 4?
-1102
In base 4, what is 20332 + -102?
20230
In base 3, what is -21 - 2202?
-10000
In base 8, what is -171 - 1?
-172
In base 5, what is 12123 + -2?
12121
In base 2, what is 10001 + -110?
1011
In base 15, what is -39d - -4?
-399
In base 8, what is 160 + -236?
-56
In base 7, what is -244 + -50?
-324
In base 2, what is -1000010100 - 1?
-1000010101
In base 12, what is -5 - 3?
-8
In base 7, what is 303 - -24?
330
In base 7, what is -1 + -1251?
-1252
In base 9, what is 25 + -43?
-17
In base 14, what is -14 - 14?
-28
In base 13, what is -1 + 1755?
1754
In base 2, what is -1 - -10100111101?
10100111100
In base 10, what is -58 - -3?
-55
In base 6, what is 2201 + -23?
2134
In base 4, what is -3 + 11001?
10332
In base 10, what is -2 - 1310?
-1312
In base 2, what is 100 - -1000001?
1000101
In base 15, what is -cc - -15?
-b7
In base 14, what is -26 - 13?
-39
In base 9, what is 5 + -1116?
-1111
In base 4, what is 13220 + 1?
13221
In base 8, what is -4 + 104?
100
In base 14, what is 4 + 174?
178
In base 6, what is 321 - 2?
315
In base 3, what is 22 + 11010?
11102
In base 15, what is -5 + 50?
4a
In base 11, what is -509 - -12?
-4a7
In base 15, what is 5 + -4b?
-46
In base 15, what is 4 - -53?
57
In base 15, what is 3a6 + 4?
3aa
In base 12, what is -b4 + -5?
-b9
In base 12, what is 4 - 20a?
-206
In base 16, what is -dc + -14?
-f0
In base 13, what is 0 + -7a?
-7a
In base 15, what is -27 - 1?
-28
In base 2, what is -1011011001011 + 101?
-1011011000110
In base 12, what is 6 + b?
15
In base 9, what is -1 + -58?
-60
In base 8, what is 355 - -4?
361
In base 14, what is -85 - -2?
-83
In base 9, what is 1 + 14?
15
In base 2, what is -101 + -11000101?
-11001010
In base 8, what is 24 + 402?
426
In base 12, what is 12 - -13?
25
In base 4, what is -12111 - -11?
-12100
In base 15, what is -6d + 5?
-68
In base 13, what is 8 - 88a?
-882
In base 11, what is -4 + -887?
-890
In base 7, what is 5 - 102?
-64
In base 11, what is -20 - 6?
-26
In base 15, what is 7c + -d?
6e
In base 6, what is 30 - 10?
20
In base 3, what is 2021 - 201?
1120
In base 10, what is -2 + -726?
-728
In base 7, what is 13241 + -5?
13233
In base 15, what is -7d - 7?
-85
In base 3, what is -122 + 2?
-120
In base 13, what is -6 - 51?
-57
In base 15, what is 238 - -4?
23c
In base 9, what is 1 + 2171?
2172
In base 5, what is 23201 + 1?
23202
In base 8, what is -64 - 2?
-66
In base 13, what is 46c + 2?
471
In base 9, what is -15 + -58?
-74
In base 5, what is 33 + -14?
14
In base 7, what is 3 - -535?
541
In base 2, what is 1 - 1000010?
-1000001
In base 15, what is -412 - 0?
-412
In base 16, what is -3 + f9?
f6
In base 8, what is 44 - -13?
57
In base 9, what is 5 - -4673?
4678
In base 7, what is -144 - 26?
-203
In base 6, what is -112 + -405?
-521
In base 2, what is -1000 - 0?
-1000
In base 16, what is -59 + c?
-4d
In base 16, what is -4 + 36?
32
In base 6, what is 100 + 0?
100
In base 15, what is -1 + -65?
-66
In base 7, what is 5 + 3166?
3204
In base 15, what is 35 - -36?
6b
In base 5, what is 10 - 142?
-132
In base 13, what is -3 - -142?
13c
In base 4, what is -10111 + -3?
-10120
In base 6, what is -2 + -451?
-453
In base 11, what is -215 + 6a?
-156
In base 2, what is 1 + -100101111?
-100101110
In base 5, what is -3224 + 2?
-3222
In base 6, what is -23 + 151?
124
In base 16, what is -1b + -f5?
-110
In base 7, what is 1025 + 1?
1026
In base 6, what is -1342 - -20?
-1322
In base 7, what is 626 - -23?
652
In base 10, what is -94 + 4?
-90
In base 12, what is 32 - 4?
2a
In base 2, what is -1001001000 + -11?
-1001001011
In base 2, what is -11001 - 10000?
-101001
In base 13, what is -1b